308 + ((-9)/(-15))/(1/(-5))?
5
What is the units digit of 21/(-70) + 54892/40?
2
Let s(l) = 10*l**2 - 10*l + 3. Let a(f) = -7*f. Let w(p) = -11*p. Let h(q) = -8*a(q) + 5*w(q). Let r(m) = 5*h(m) + s(m). What is the units digit of r(2)?
3
Let t = 36 + -26. Suppose 0 = 2*s - t + 2. Suppose -4*g - 2*d + 170 = 0, -g - 3*d = s*g - 210. What is the units digit of g?
5
Let i(y) = 2*y**2 + 5*y - 4. Suppose 12*l - 16*l - 20 = 0. Let k be i(l). Let c = k - -8. What is the units digit of c?
9
Let r = -20 - -44. Suppose 2*k + 2*k = -r. What is the tens digit of (1 + -83)*3/k?
4
Let a(q) = -8*q**3 - 2*q**2 - 2*q. Let g be a(-4). Suppose 0 = -k + 2*w + g, 2*w = -k - 3*k + 1912. What is the tens digit of k/27 - 2/(-9)?
1
Let h(m) be the third derivative of m**6/120 + m**5/6 - m**4/8 - 4*m**3/3 + 3*m**2. Let a be h(-10). Suppose 3*b + a = 4*b. What is the units digit of b?
2
Let c = 4 + -4. Suppose 108 = -4*b - 4*y, c*y = -2*b - y - 54. Let z = -19 - b. What is the units digit of z?
8
Let s(h) = 70*h**2 + 41*h + 7. What is the units digit of s(-4)?
3
Let k = 845 - -2654. What is the tens digit of k?
9
What is the units digit of (-7 + 8)*463 + 1/(-1)?
2
Let d(k) = 21*k**3 - 10*k**2 + 20*k + 8. What is the hundreds digit of d(5)?
4
Let w be (-6)/(-4) - 1/(-2). Suppose w*k + k = 6. What is the units digit of (1 - k) + -4 + 10?
5
Let f be 4 - (8/4 + 2). Suppose 3*z - 125 = -4*u, 0 = -f*z + 2*z - 6. Suppose 0 = 4*a + 3*k - 223 + u, -4*a = -k - 186. What is the units digit of a?
7
Let d(v) = -v**3 - 6*v**2 - 7*v - 7. Let a be d(-5). Suppose 0 = -h + a*h. Suppose 4*t + 5*q + 5 = h, -t + 5*t - 30 = 2*q. What is the units digit of t?
5
Suppose -20*q + 9*q + 14245 = 0. What is the hundreds digit of q?
2
Let g = 52 - 32. Let s = 109 - g. What is the tens digit of s?
8
Let f be ((-60)/4)/(1 + 0 - 0). Let t = f + 93. What is the tens digit of t?
7
Suppose -3*h - o - 16 = -h, 2*h = 3*o. What is the units digit of -1*424/(-4)*(-3)/h?
3
Let d(k) be the third derivative of -31*k**4/24 + k**3/2 - 7*k**2. What is the tens digit of d(-2)?
6
Let k be (196/(-20) + -1)/((-4)/760). Suppose 0 = 8*u - 60 - k. What is the tens digit of u?
6
Suppose -50*z + 53*z = 15. Let o(l) = 9*l + 18. What is the units digit of o(z)?
3
Let i(t) = 0 - 2*t + 1 + 3 + 2*t**2 + 6*t - t**3. Let g be i(4). What is the tens digit of (g/9)/((-2)/30)?
2
Suppose -5*j = -o + 80, 3*o - 16 - 54 = 5*j. Let m(n) = 2*n**2 + 17*n + 11. What is the hundreds digit of m(j)?
3
Let k be (-24)/(-16) + (-34)/8*2. What is the units digit of (((-4)/2)/(-2))/(k/(-1554))?
2
Suppose 2*t - 8 = 6*t. Let o be 0 - -16 - (t - 1). Let p = o + -10. What is the units digit of p?
9
Let z(p) = 13*p**3 + 21*p**2 + 3*p + 12. Let b(w) = -7*w**3 - 11*w**2 - w - 6. Let f(s) = -11*b(s) - 6*z(s). What is the units digit of f(-6)?
2
Let n be (-27)/(-18) - (-25)/2. Suppose 0 = -r + 3*s + 13, -r - r + n = -2*s. Suppose -2*h = -r - 2. What is the units digit of h?
3
Suppose -1472 = -4*z + 4*f, z + 4*f = -3*z + 1440. What is the units digit of z?
4
Suppose -1260*a + 1256*a = -4580. What is the thousands digit of a?
1
Suppose -3*j + 24 = j. Suppose -8*i = 20 + 12. What is the tens digit of 1090/30 - i/j?
3
Suppose -2*x = -3*a + 2000, -10*a = -8*a + 4*x - 1328. What is the units digit of a?
6
Let f(h) = -h**2 + 2. Let z be f(2). Let s(t) = -16*t + 2. Let b(l) = -5*l + 1. Let m(d) = 6*b(d) - s(d). What is the units digit of m(z)?
2
Suppose -6*z + 0*z + 6684 = 0. Suppose 49 = -5*j + z. What is the units digit of j?
3
Let q(m) = -m**2 - 4*m + 32. Let b be q(-13). Let i = 61 - b. What is the tens digit of i?
4
Suppose 8*r = 6612 + 10548. What is the thousands digit of r?
2
Let g(h) = -h**2 - 6*h - 4. Let n be g(-4). Let d(p) be the first derivative of -p**4/4 + 3*p**3 - 2*p**2 + 7*p - 66. What is the tens digit of d(n)?
7
Let x = -62 + 27. What is the units digit of (-4)/(-10) - 2961/x?
5
Suppose 0*s = -2*s + 6. Suppose -u = s*u - 112. Suppose -4*g = 3*h - 37, -5*h + u = 2*g - 57. What is the units digit of h?
9
Let p(k) = -k**3 + 3*k**2 - k + 8. Let x be p(6). Let y = x + 189. What is the tens digit of y?
8
Suppose 8*k = 3*k - 4*v + 386, -2*v - 392 = -5*k. Suppose -2*i + k = -4. What is the tens digit of -2*(-3)/(6/i)?
4
Let v = -4078 - -7076. What is the tens digit of v?
9
Suppose -2*o - 9 - 1 = -u, -8 = u + 4*o. Suppose 3*p + 3*b - 270 - 321 = 0, -5*p = u*b - 982. What is the units digit of p?
4
Suppose 0*u + v = -3*u - 74, 0 = 5*u - 3*v + 114. Let l = u + 31. What is the units digit of l?
7
Let f = 87 + -85. Suppose -5*i + 279 + 271 = 0. Suppose -f*r = -30 - i. What is the tens digit of r?
7
Suppose 6*i - 60 = i. What is the units digit of (i/(-6))/(2/(-8))?
8
Suppose -5*d + 10 = -2*i, 5*i - 16 = -5*d - 6. Suppose -2*v + 6*v - 520 = d*t, -v + t + 128 = 0. Let l = v + -70. What is the units digit of l?
2
Suppose 5*c - 10 = -0*c - 5*o, 3*c - o = 10. Suppose c*p - 6 = u, -2*u + 15 = 4*p - u. What is the units digit of -2 + p - (-48 - 2)?
1
Let a(g) = 10*g**2 + 2*g + 3. Let u be 3 + -1 + 2 + (-2 - -3). What is the hundreds digit of a(u)?
2
Let p be (-60)/100 + 812/(-5). Let h = -50 - p. What is the hundreds digit of h?
1
Suppose -2*r - 3*r + 10 = 0. Suppose 0 = -r*f + 5*f - 432. What is the hundreds digit of f?
1
Let c = 7 + -10. What is the units digit of (-6)/c - (-1 + -48)?
1
Let p = -606 - -1145. Suppose 5*m = 3*h + p, 0 = -m + 6*h - h + 99. What is the hundreds digit of m?
1
Let d be 0/((8/(-4))/1). Suppose -4*j = -d*n + 5*n - 460, 3*j = 0. What is the units digit of n?
2
Let p = -73 + 55. Let z(u) = -u**3 - 19*u**2 - 22*u + 16. What is the units digit of z(p)?
8
Let a = -11 + 26. Let o be a - 11 - 155*1. Let r = o + 214. What is the units digit of r?
3
Suppose 22*f - 17*f = 6935. What is the thousands digit of f?
1
What is the tens digit of (-2)/(12/(-3834)*1)?
3
Let z(h) = -h**3 - 17*h**2 - 9*h + 14. What is the hundreds digit of z(-17)?
1
What is the hundreds digit of 1*6098/18 + 2/9?
3
Let r(s) = -s**3 + 14*s**2 + 22*s - 12. Suppose 19*w + 60 = 23*w. What is the units digit of r(w)?
3
Let d = 3006 - 1575. What is the units digit of d?
1
Suppose -3*t + 164 = -2*y, -5*y + 4*y + 4*t - 82 = 0. What is the units digit of (y/123)/(1 + 185/(-183))?
1
Let r = -85 + 99. Suppose -r*h = -608 - 1436. What is the hundreds digit of h?
1
Let b = -1965 + 3321. What is the hundreds digit of b?
3
Let f be 4/(-24) - (-7195)/(-30). Let v = f - -346. What is the hundreds digit of v?
1
Let v(s) = -49*s**3 + 5*s - 4*s + 5*s**3 + 1. Suppose 7*x + 2*w + 1 = 8*x, 4*w + 9 = -5*x. What is the units digit of v(x)?
4
Suppose -2*r + 22 = -4*t, 5*r + 3*t = -t + 27. Suppose -r = -4*u + 9. Suppose 0 = 2*i + 2*a - 38, -2*i - u*a + 14 = -28. What is the units digit of i?
7
Let x(q) be the second derivative of q**4/12 - 2*q**3/3 - 9*q - 1. Suppose g - 30 = -4*g. What is the tens digit of x(g)?
1
Let z = 123 - 42. Let f(k) = 55*k + 4. Let j be f(2). Let i = j - z. What is the units digit of i?
3
What is the thousands digit of (-422)/(15/((-105)/2))?
1
What is the units digit of (-5845)/(-14) + 2/(-4)?
7
Let a = 7 + -3. Suppose -a*z - 4*v - 40 = 0, -2*z - 29 = z + 2*v. What is the tens digit of z/((60/56)/(-5))?
4
Suppose -4*f + 5*s + 26 = 0, 2*s = f - 3*s + 1. Suppose 0*m - f = -3*m. What is the tens digit of 4/m*(-60)/(-8)?
1
Let z = -48 + 35. Let q = 66 + z. What is the units digit of q?
3
What is the units digit of 2/(-25) - (0 + (-36906)/75)?
2
Suppose 1760 = 5*y + 4*n, -2*y + 1056 = y - 3*n. What is the tens digit of y?
5
Let m(i) = -16*i + 1. Let w be m(-4). Let n be 3240/w - (-4)/26. Let g = n + -8. What is the tens digit of g?
4
Let j = -93 + 342. Suppose -27 + j = 6*y. What is the units digit of y?
7
Let y(b) = b + 10. Let m be y(8). Suppose -m = z + 18. What is the units digit of -1 - (1 - z/(-4))?
7
Suppose o = 3*h + 33 + 47, 0 = -4*h - 5*o - 132. Let k = 83 + -36. Let f = k + h. What is the tens digit of f?
1
Let a(r) = r**3 + 2*r**2 + 3*r + 1. Let p(s) = 3*s**2 + 4*s + 1. Let l(k) = -4*a(k) + 3*p(k). Let d be l(1). What is the units digit of d - -7 - (-48 + -3)?
4
Let j(t) = t**2 - 16*t - 20. Let f be j(17). What is the tens digit of 94*1 - (f/3 + 1)?
9
Suppose 2*t + 7*t - 756 = 0. What is the tens digit of t?
8
Let p(l) = 7*l**2 - 12*l + 5. Let q be p(-4). Suppose -3